{"id":15,"date":"2024-05-29T17:06:02","date_gmt":"2024-05-29T17:06:02","guid":{"rendered":"https:\/\/pekara-awa.com\/?page_id=15"},"modified":"2024-05-30T11:58:27","modified_gmt":"2024-05-30T11:58:27","slug":"kontakt","status":"publish","type":"page","link":"https:\/\/pekara-awa.com\/index.php\/kontakt\/","title":{"rendered":"Kontakt"},"content":{"rendered":"\t\t<div data-elementor-type=\"wp-page\" data-elementor-id=\"15\" class=\"elementor elementor-15\" data-elementor-post-type=\"page\">\n\t\t\t\t<div class=\"elementor-element elementor-element-b0b6691 e-flex e-con-boxed e-con e-parent\" data-id=\"b0b6691\" data-element_type=\"container\">\n\t\t\t\t\t<div class=\"e-con-inner\">\n\t\t<div class=\"elementor-element elementor-element-b231385 e-flex e-con-boxed e-con e-child\" data-id=\"b231385\" data-element_type=\"container\" data-settings=\"{&quot;background_background&quot;:&quot;classic&quot;}\">\n\t\t\t\t\t<div class=\"e-con-inner\">\n\t\t<div class=\"elementor-element elementor-element-aa8e446 e-con-full e-flex e-con e-child\" data-id=\"aa8e446\" data-element_type=\"container\">\n\t\t\t\t<div class=\"elementor-element elementor-element-5d2e848 elementor-nav-menu__align-center elementor-nav-menu--dropdown-none elementor-widget elementor-widget-nav-menu\" data-id=\"5d2e848\" data-element_type=\"widget\" data-settings=\"{&quot;layout&quot;:&quot;horizontal&quot;,&quot;submenu_icon&quot;:{&quot;value&quot;:&quot;&lt;svg class=\\&quot;e-font-icon-svg e-fas-caret-down\\&quot; viewBox=\\&quot;0 0 320 512\\&quot; xmlns=\\&quot;http:\\\/\\\/www.w3.org\\\/2000\\\/svg\\&quot;&gt;&lt;path d=\\&quot;M31.3 192h257.3c17.8 0 26.7 21.5 14.1 34.1L174.1 354.8c-7.8 7.8-20.5 7.8-28.3 0L17.2 226.1C4.6 213.5 13.5 192 31.3 192z\\&quot;&gt;&lt;\\\/path&gt;&lt;\\\/svg&gt;&quot;,&quot;library&quot;:&quot;fa-solid&quot;}}\" data-widget_type=\"nav-menu.default\">\n\t\t\t\t<div class=\"elementor-widget-container\">\n\t\t\t<link rel=\"stylesheet\" href=\"https:\/\/pekara-awa.com\/wp-content\/plugins\/elementor-pro\/assets\/css\/widget-nav-menu.min.css\">\t\t\t<nav class=\"elementor-nav-menu--main elementor-nav-menu__container elementor-nav-menu--layout-horizontal e--pointer-none\">\n\t\t\t\t<ul id=\"menu-1-5d2e848\" class=\"elementor-nav-menu\"><li class=\"menu-item menu-item-type-custom menu-item-object-custom menu-item-60\"><a href=\"https:\/\/pekara-awa.com\/index.php\/pekara-a-w-a-naslovna\/\" class=\"elementor-item\">Naslovna<\/a><\/li>\n<li class=\"menu-item menu-item-type-custom menu-item-object-custom menu-item-61\"><a href=\"https:\/\/pekara-awa.com\/index.php\/o-nama\/\" class=\"elementor-item\">O nama<\/a><\/li>\n<\/ul>\t\t\t<\/nav>\n\t\t\t\t\t\t<nav class=\"elementor-nav-menu--dropdown elementor-nav-menu__container\" aria-hidden=\"true\">\n\t\t\t\t<ul id=\"menu-2-5d2e848\" class=\"elementor-nav-menu\"><li class=\"menu-item menu-item-type-custom menu-item-object-custom menu-item-60\"><a href=\"https:\/\/pekara-awa.com\/index.php\/pekara-a-w-a-naslovna\/\" class=\"elementor-item\" tabindex=\"-1\">Naslovna<\/a><\/li>\n<li class=\"menu-item menu-item-type-custom menu-item-object-custom menu-item-61\"><a href=\"https:\/\/pekara-awa.com\/index.php\/o-nama\/\" class=\"elementor-item\" tabindex=\"-1\">O nama<\/a><\/li>\n<\/ul>\t\t\t<\/nav>\n\t\t\t\t<\/div>\n\t\t\t\t<\/div>\n\t\t\t\t<\/div>\n\t\t<div class=\"elementor-element elementor-element-c101fa6 e-con-full e-flex e-con e-child\" data-id=\"c101fa6\" data-element_type=\"container\">\n\t\t\t\t<div class=\"elementor-element elementor-element-afe1ca6 elementor-widget elementor-widget-theme-site-logo elementor-widget-image\" data-id=\"afe1ca6\" data-element_type=\"widget\" data-widget_type=\"theme-site-logo.default\">\n\t\t\t\t<div class=\"elementor-widget-container\">\n\t\t\t<style>\/*! elementor - v3.21.0 - 26-05-2024 *\/\n.elementor-widget-image{text-align:center}.elementor-widget-image a{display:inline-block}.elementor-widget-image a img[src$=\".svg\"]{width:48px}.elementor-widget-image img{vertical-align:middle;display:inline-block}<\/style>\t\t\t\t\t\t<a href=\"https:\/\/pekara-awa.com\">\n\t\t\t<img fetchpriority=\"high\" decoding=\"async\" width=\"532\" height=\"469\" src=\"https:\/\/pekara-awa.com\/wp-content\/uploads\/2024\/05\/Izrezak-removebg-preview.png\" class=\"attachment-full size-full wp-image-58\" alt=\"pekara awa logo\" srcset=\"https:\/\/pekara-awa.com\/wp-content\/uploads\/2024\/05\/Izrezak-removebg-preview.png 532w, https:\/\/pekara-awa.com\/wp-content\/uploads\/2024\/05\/Izrezak-removebg-preview-300x264.png 300w\" sizes=\"(max-width: 532px) 100vw, 532px\" \/>\t\t\t\t<\/a>\n\t\t\t\t\t\t\t\t\t<\/div>\n\t\t\t\t<\/div>\n\t\t\t\t<\/div>\n\t\t<div class=\"elementor-element elementor-element-b04091b e-con-full e-flex e-con e-child\" data-id=\"b04091b\" data-element_type=\"container\">\n\t\t\t\t<div class=\"elementor-element elementor-element-febb63c elementor-nav-menu__align-center elementor-nav-menu--dropdown-none elementor-widget elementor-widget-nav-menu\" data-id=\"febb63c\" data-element_type=\"widget\" data-settings=\"{&quot;layout&quot;:&quot;horizontal&quot;,&quot;submenu_icon&quot;:{&quot;value&quot;:&quot;&lt;svg class=\\&quot;e-font-icon-svg e-fas-caret-down\\&quot; viewBox=\\&quot;0 0 320 512\\&quot; xmlns=\\&quot;http:\\\/\\\/www.w3.org\\\/2000\\\/svg\\&quot;&gt;&lt;path d=\\&quot;M31.3 192h257.3c17.8 0 26.7 21.5 14.1 34.1L174.1 354.8c-7.8 7.8-20.5 7.8-28.3 0L17.2 226.1C4.6 213.5 13.5 192 31.3 192z\\&quot;&gt;&lt;\\\/path&gt;&lt;\\\/svg&gt;&quot;,&quot;library&quot;:&quot;fa-solid&quot;}}\" data-widget_type=\"nav-menu.default\">\n\t\t\t\t<div class=\"elementor-widget-container\">\n\t\t\t\t\t\t<nav class=\"elementor-nav-menu--main elementor-nav-menu__container elementor-nav-menu--layout-horizontal e--pointer-none\">\n\t\t\t\t<ul id=\"menu-1-febb63c\" class=\"elementor-nav-menu\"><li class=\"menu-item menu-item-type-custom menu-item-object-custom menu-item-62\"><a href=\"https:\/\/pekara-awa.com\/index.php\/proizvodi\/\" class=\"elementor-item\">Proizvodi<\/a><\/li>\n<li class=\"menu-item menu-item-type-custom menu-item-object-custom menu-item-63\"><a href=\"https:\/\/pekara-awa.com\/index.php\/kontakt\/\" class=\"elementor-item\">Kontakt<\/a><\/li>\n<\/ul>\t\t\t<\/nav>\n\t\t\t\t\t\t<nav class=\"elementor-nav-menu--dropdown elementor-nav-menu__container\" aria-hidden=\"true\">\n\t\t\t\t<ul id=\"menu-2-febb63c\" class=\"elementor-nav-menu\"><li class=\"menu-item menu-item-type-custom menu-item-object-custom menu-item-62\"><a href=\"https:\/\/pekara-awa.com\/index.php\/proizvodi\/\" class=\"elementor-item\" tabindex=\"-1\">Proizvodi<\/a><\/li>\n<li class=\"menu-item menu-item-type-custom menu-item-object-custom menu-item-63\"><a href=\"https:\/\/pekara-awa.com\/index.php\/kontakt\/\" class=\"elementor-item\" tabindex=\"-1\">Kontakt<\/a><\/li>\n<\/ul>\t\t\t<\/nav>\n\t\t\t\t<\/div>\n\t\t\t\t<\/div>\n\t\t\t\t<\/div>\n\t\t\t\t\t<\/div>\n\t\t\t\t<\/div>\n\t\t\t\t\t<\/div>\n\t\t\t\t<\/div>\n\t\t<div class=\"elementor-element elementor-element-a6eacf5 e-flex e-con-boxed elementor-invisible e-con e-parent\" data-id=\"a6eacf5\" data-element_type=\"container\" data-settings=\"{&quot;background_background&quot;:&quot;classic&quot;,&quot;animation&quot;:&quot;fadeIn&quot;}\">\n\t\t\t\t\t<div class=\"e-con-inner\">\n\t\t<div class=\"elementor-element elementor-element-3c1129e e-con-full e-flex e-con e-child\" data-id=\"3c1129e\" data-element_type=\"container\">\n\t\t\t\t<div class=\"elementor-element elementor-element-8490b23 elementor-widget elementor-widget-heading\" data-id=\"8490b23\" data-element_type=\"widget\" data-widget_type=\"heading.default\">\n\t\t\t\t<div class=\"elementor-widget-container\">\n\t\t\t<style>\/*! elementor - v3.21.0 - 26-05-2024 *\/\n.elementor-heading-title{padding:0;margin:0;line-height:1}.elementor-widget-heading .elementor-heading-title[class*=elementor-size-]>a{color:inherit;font-size:inherit;line-height:inherit}.elementor-widget-heading .elementor-heading-title.elementor-size-small{font-size:15px}.elementor-widget-heading .elementor-heading-title.elementor-size-medium{font-size:19px}.elementor-widget-heading .elementor-heading-title.elementor-size-large{font-size:29px}.elementor-widget-heading .elementor-heading-title.elementor-size-xl{font-size:39px}.elementor-widget-heading .elementor-heading-title.elementor-size-xxl{font-size:59px}<\/style><h1 class=\"elementor-heading-title elementor-size-default\">Kontakt<\/h1>\t\t<\/div>\n\t\t\t\t<\/div>\n\t\t\t\t<div class=\"elementor-element elementor-element-71a8b79 elementor-align-center elementor-widget elementor-widget-button\" data-id=\"71a8b79\" data-element_type=\"widget\" data-widget_type=\"button.default\">\n\t\t\t\t<div class=\"elementor-widget-container\">\n\t\t\t\t\t<div class=\"elementor-button-wrapper\">\n\t\t\t<a class=\"elementor-button elementor-button-link elementor-size-sm\" href=\"mailto:pekaraawa@gmail.com\">\n\t\t\t\t\t\t<span class=\"elementor-button-content-wrapper\">\n\t\t\t\t\t\t\t\t\t<span class=\"elementor-button-text\">Dostavljamo i van BiH - naru\u010dite ovdje<\/span>\n\t\t\t\t\t<\/span>\n\t\t\t\t\t<\/a>\n\t\t<\/div>\n\t\t\t\t<\/div>\n\t\t\t\t<\/div>\n\t\t\t\t<\/div>\n\t\t\t\t\t<\/div>\n\t\t\t\t<\/div>\n\t\t<div class=\"elementor-element elementor-element-c750980 e-flex e-con-boxed e-con e-parent\" data-id=\"c750980\" data-element_type=\"container\" data-settings=\"{&quot;background_background&quot;:&quot;classic&quot;}\">\n\t\t\t\t\t<div class=\"e-con-inner\">\n\t\t\t\t<div class=\"elementor-element elementor-element-2216baf elementor-widget elementor-widget-heading\" data-id=\"2216baf\" data-element_type=\"widget\" data-widget_type=\"heading.default\">\n\t\t\t\t<div class=\"elementor-widget-container\">\n\t\t\t<h2 class=\"elementor-heading-title elementor-size-default\">Gdje se nalazimo?<\/h2>\t\t<\/div>\n\t\t\t\t<\/div>\n\t\t\t\t<div class=\"elementor-element elementor-element-e5b2de6 elementor-widget elementor-widget-image\" data-id=\"e5b2de6\" data-element_type=\"widget\" data-widget_type=\"image.default\">\n\t\t\t\t<div class=\"elementor-widget-container\">\n\t\t\t\t\t\t\t\t\t\t\t\t\t<img decoding=\"async\" width=\"810\" height=\"67\" src=\"https:\/\/pekara-awa.com\/wp-content\/uploads\/2024\/05\/Izrezak-removebg-preview-1.png\" class=\"attachment-full size-full wp-image-136\" alt=\"\" srcset=\"https:\/\/pekara-awa.com\/wp-content\/uploads\/2024\/05\/Izrezak-removebg-preview-1.png 810w, https:\/\/pekara-awa.com\/wp-content\/uploads\/2024\/05\/Izrezak-removebg-preview-1-300x25.png 300w, https:\/\/pekara-awa.com\/wp-content\/uploads\/2024\/05\/Izrezak-removebg-preview-1-768x64.png 768w\" sizes=\"(max-width: 810px) 100vw, 810px\" \/>\t\t\t\t\t\t\t\t\t\t\t\t\t<\/div>\n\t\t\t\t<\/div>\n\t\t\t\t\t<\/div>\n\t\t\t\t<\/div>\n\t\t<div class=\"elementor-element elementor-element-c6aa4f3 e-flex e-con-boxed e-con e-parent\" data-id=\"c6aa4f3\" data-element_type=\"container\" data-settings=\"{&quot;background_background&quot;:&quot;classic&quot;}\">\n\t\t\t\t\t<div class=\"e-con-inner\">\n\t\t<div class=\"elementor-element elementor-element-8ef3936 e-con-full e-flex e-con e-child\" data-id=\"8ef3936\" data-element_type=\"container\">\n\t\t\t\t<div class=\"elementor-element elementor-element-a7e6967 elementor-widget elementor-widget-text-editor\" data-id=\"a7e6967\" data-element_type=\"widget\" data-widget_type=\"text-editor.default\">\n\t\t\t\t<div class=\"elementor-widget-container\">\n\t\t\t<style>\/*! elementor - v3.21.0 - 26-05-2024 *\/\n.elementor-widget-text-editor.elementor-drop-cap-view-stacked .elementor-drop-cap{background-color:#69727d;color:#fff}.elementor-widget-text-editor.elementor-drop-cap-view-framed .elementor-drop-cap{color:#69727d;border:3px solid;background-color:transparent}.elementor-widget-text-editor:not(.elementor-drop-cap-view-default) .elementor-drop-cap{margin-top:8px}.elementor-widget-text-editor:not(.elementor-drop-cap-view-default) .elementor-drop-cap-letter{width:1em;height:1em}.elementor-widget-text-editor .elementor-drop-cap{float:left;text-align:center;line-height:1;font-size:50px}.elementor-widget-text-editor .elementor-drop-cap-letter{display:inline-block}<\/style>\t\t\t\t<p><span class=\"OYPEnA text-decoration-none text-strikethrough-none\">\u017delite naru\u010diti na\u0161e svje\u017ee pekarske proizvode? Kontaktirajte nas putem telefona ili emaila i u\u017eivajte u najboljem \u0161to Pekara A.W.A. nudi.<\/span><\/p><p class=\"cvGsUA direction-ltr align-start para-style-body\"><span class=\"OYPEnA text-decoration-none text-strikethrough-none\">Adresa: Suljagi\u0107 Sokak 299, Br\u010dko Distrikt BiH<\/span><\/p><p class=\"cvGsUA direction-ltr align-start para-style-body\"><span class=\"OYPEnA text-decoration-none text-strikethrough-none\">Broj: 062 978 624<\/span><\/p><p class=\"cvGsUA direction-ltr align-start para-style-body\"><span class=\"OYPEnA text-decoration-none text-strikethrough-none\">Email: pekaraawa@gmail.com<\/span><\/p>\t\t\t\t\t\t<\/div>\n\t\t\t\t<\/div>\n\t\t\t\t<div class=\"elementor-element elementor-element-ba25123 elementor-align-center elementor-widget elementor-widget-button\" data-id=\"ba25123\" data-element_type=\"widget\" data-widget_type=\"button.default\">\n\t\t\t\t<div class=\"elementor-widget-container\">\n\t\t\t\t\t<div class=\"elementor-button-wrapper\">\n\t\t\t<a class=\"elementor-button elementor-button-link elementor-size-sm\" href=\"mailto:pekaraawa@gmail.com\">\n\t\t\t\t\t\t<span class=\"elementor-button-content-wrapper\">\n\t\t\t\t\t\t\t\t\t<span class=\"elementor-button-text\">Zatra\u017eite ponudu ovdje<\/span>\n\t\t\t\t\t<\/span>\n\t\t\t\t\t<\/a>\n\t\t<\/div>\n\t\t\t\t<\/div>\n\t\t\t\t<\/div>\n\t\t\t\t<\/div>\n\t\t<div class=\"elementor-element elementor-element-e8ece34 e-con-full e-flex e-con e-child\" data-id=\"e8ece34\" data-element_type=\"container\">\n\t\t\t\t<div class=\"elementor-element elementor-element-622d03e elementor-widget elementor-widget-google_maps\" data-id=\"622d03e\" data-element_type=\"widget\" data-widget_type=\"google_maps.default\">\n\t\t\t\t<div class=\"elementor-widget-container\">\n\t\t\t<style>\/*! elementor - v3.21.0 - 26-05-2024 *\/\n.elementor-widget-google_maps .elementor-widget-container{overflow:hidden}.elementor-widget-google_maps .elementor-custom-embed{line-height:0}.elementor-widget-google_maps iframe{height:300px}<\/style>\t\t<div class=\"elementor-custom-embed\">\n\t\t\t<iframe loading=\"lazy\"\n\t\t\t\t\tsrc=\"https:\/\/maps.google.com\/maps?q=Suljagi%C4%87%20Sokak%20299%2C%20Br%C4%8Dko%20Distrikt%20BiH&#038;t=m&#038;z=12&#038;output=embed&#038;iwloc=near\"\n\t\t\t\t\ttitle=\"Suljagi\u0107 Sokak 299, Br\u010dko Distrikt BiH\"\n\t\t\t\t\taria-label=\"Suljagi\u0107 Sokak 299, Br\u010dko Distrikt BiH\"\n\t\t\t><\/iframe>\n\t\t<\/div>\n\t\t\t\t<\/div>\n\t\t\t\t<\/div>\n\t\t\t\t<\/div>\n\t\t\t\t\t<\/div>\n\t\t\t\t<\/div>\n\t\t\t\t<\/div>\n\t\t","protected":false},"excerpt":{"rendered":"<p>Kontakt Dostavljamo i van BiH &#8211; naru\u010dite ovdje Gdje se nalazimo? \u017delite naru\u010diti na\u0161e svje\u017ee pekarske proizvode? Kontaktirajte nas putem telefona ili emaila i u\u017eivajte u najboljem \u0161to Pekara A.W.A. nudi. Adresa: Suljagi\u0107 Sokak 299, Br\u010dko Distrikt BiH Broj: 062 978 624 Email: pekaraawa@gmail.com Zatra\u017eite ponudu ovdje<\/p>\n","protected":false},"author":1,"featured_media":0,"parent":0,"menu_order":0,"comment_status":"closed","ping_status":"closed","template":"elementor_canvas","meta":{"footnotes":""},"class_list":["post-15","page","type-page","status-publish","hentry"],"yoast_head":"<!-- This site is optimized with the Yoast SEO plugin v22.8 - https:\/\/yoast.com\/wordpress\/plugins\/seo\/ -->\n<title>Kontakt - Pekara Awa<\/title>\n<meta name=\"robots\" content=\"index, follow, max-snippet:-1, max-image-preview:large, max-video-preview:-1\" \/>\n<link rel=\"canonical\" href=\"https:\/\/pekara-awa.com\/index.php\/kontakt\/\" \/>\n<meta property=\"og:locale\" content=\"en_US\" \/>\n<meta property=\"og:type\" content=\"article\" \/>\n<meta property=\"og:title\" content=\"Kontakt - Pekara Awa\" \/>\n<meta property=\"og:description\" content=\"Kontakt Dostavljamo i van BiH &#8211; naru\u010dite ovdje Gdje se nalazimo? \u017delite naru\u010diti na\u0161e svje\u017ee pekarske proizvode? Kontaktirajte nas putem telefona ili emaila i u\u017eivajte u najboljem \u0161to Pekara A.W.A. nudi. Adresa: Suljagi\u0107 Sokak 299, Br\u010dko Distrikt BiH Broj: 062 978 624 Email: pekaraawa@gmail.com Zatra\u017eite ponudu ovdje\" \/>\n<meta property=\"og:url\" content=\"https:\/\/pekara-awa.com\/index.php\/kontakt\/\" \/>\n<meta property=\"og:site_name\" content=\"Pekara Awa\" \/>\n<meta property=\"article:modified_time\" content=\"2024-05-30T11:58:27+00:00\" \/>\n<meta property=\"og:image\" content=\"https:\/\/pekara-awa.com\/wp-content\/uploads\/2024\/05\/Izrezak-removebg-preview-1.png\" \/>\n<meta name=\"twitter:card\" content=\"summary_large_image\" \/>\n<meta name=\"twitter:label1\" content=\"Est. reading time\" \/>\n\t<meta name=\"twitter:data1\" content=\"1 minute\" \/>\n<script type=\"application\/ld+json\" class=\"yoast-schema-graph\">{\"@context\":\"https:\/\/schema.org\",\"@graph\":[{\"@type\":\"WebPage\",\"@id\":\"https:\/\/pekara-awa.com\/index.php\/kontakt\/\",\"url\":\"https:\/\/pekara-awa.com\/index.php\/kontakt\/\",\"name\":\"Kontakt - Pekara Awa\",\"isPartOf\":{\"@id\":\"https:\/\/pekara-awa.com\/#website\"},\"primaryImageOfPage\":{\"@id\":\"https:\/\/pekara-awa.com\/index.php\/kontakt\/#primaryimage\"},\"image\":{\"@id\":\"https:\/\/pekara-awa.com\/index.php\/kontakt\/#primaryimage\"},\"thumbnailUrl\":\"https:\/\/pekara-awa.com\/wp-content\/uploads\/2024\/05\/Izrezak-removebg-preview-1.png\",\"datePublished\":\"2024-05-29T17:06:02+00:00\",\"dateModified\":\"2024-05-30T11:58:27+00:00\",\"breadcrumb\":{\"@id\":\"https:\/\/pekara-awa.com\/index.php\/kontakt\/#breadcrumb\"},\"inLanguage\":\"en-US\",\"potentialAction\":[{\"@type\":\"ReadAction\",\"target\":[\"https:\/\/pekara-awa.com\/index.php\/kontakt\/\"]}]},{\"@type\":\"ImageObject\",\"inLanguage\":\"en-US\",\"@id\":\"https:\/\/pekara-awa.com\/index.php\/kontakt\/#primaryimage\",\"url\":\"https:\/\/pekara-awa.com\/wp-content\/uploads\/2024\/05\/Izrezak-removebg-preview-1.png\",\"contentUrl\":\"https:\/\/pekara-awa.com\/wp-content\/uploads\/2024\/05\/Izrezak-removebg-preview-1.png\",\"width\":810,\"height\":67},{\"@type\":\"BreadcrumbList\",\"@id\":\"https:\/\/pekara-awa.com\/index.php\/kontakt\/#breadcrumb\",\"itemListElement\":[{\"@type\":\"ListItem\",\"position\":1,\"name\":\"Home\",\"item\":\"https:\/\/pekara-awa.com\/\"},{\"@type\":\"ListItem\",\"position\":2,\"name\":\"Kontakt\"}]},{\"@type\":\"WebSite\",\"@id\":\"https:\/\/pekara-awa.com\/#website\",\"url\":\"https:\/\/pekara-awa.com\/\",\"name\":\"Pekara Awa\",\"description\":\"Najbolje lepinje u gradu i okolici\",\"publisher\":{\"@id\":\"https:\/\/pekara-awa.com\/#organization\"},\"potentialAction\":[{\"@type\":\"SearchAction\",\"target\":{\"@type\":\"EntryPoint\",\"urlTemplate\":\"https:\/\/pekara-awa.com\/?s={search_term_string}\"},\"query-input\":\"required name=search_term_string\"}],\"inLanguage\":\"en-US\"},{\"@type\":\"Organization\",\"@id\":\"https:\/\/pekara-awa.com\/#organization\",\"name\":\"Pekara Awa\",\"url\":\"https:\/\/pekara-awa.com\/\",\"logo\":{\"@type\":\"ImageObject\",\"inLanguage\":\"en-US\",\"@id\":\"https:\/\/pekara-awa.com\/#\/schema\/logo\/image\/\",\"url\":\"https:\/\/pekara-awa.com\/wp-content\/uploads\/2024\/05\/Izrezak-removebg-preview.png\",\"contentUrl\":\"https:\/\/pekara-awa.com\/wp-content\/uploads\/2024\/05\/Izrezak-removebg-preview.png\",\"width\":532,\"height\":469,\"caption\":\"Pekara Awa\"},\"image\":{\"@id\":\"https:\/\/pekara-awa.com\/#\/schema\/logo\/image\/\"}}]}<\/script>\n<!-- \/ Yoast SEO plugin. -->","yoast_head_json":{"title":"Kontakt - Pekara Awa","robots":{"index":"index","follow":"follow","max-snippet":"max-snippet:-1","max-image-preview":"max-image-preview:large","max-video-preview":"max-video-preview:-1"},"canonical":"https:\/\/pekara-awa.com\/index.php\/kontakt\/","og_locale":"en_US","og_type":"article","og_title":"Kontakt - Pekara Awa","og_description":"Kontakt Dostavljamo i van BiH &#8211; naru\u010dite ovdje Gdje se nalazimo? \u017delite naru\u010diti na\u0161e svje\u017ee pekarske proizvode? Kontaktirajte nas putem telefona ili emaila i u\u017eivajte u najboljem \u0161to Pekara A.W.A. nudi. Adresa: Suljagi\u0107 Sokak 299, Br\u010dko Distrikt BiH Broj: 062 978 624 Email: pekaraawa@gmail.com Zatra\u017eite ponudu ovdje","og_url":"https:\/\/pekara-awa.com\/index.php\/kontakt\/","og_site_name":"Pekara Awa","article_modified_time":"2024-05-30T11:58:27+00:00","og_image":[{"url":"https:\/\/pekara-awa.com\/wp-content\/uploads\/2024\/05\/Izrezak-removebg-preview-1.png"}],"twitter_card":"summary_large_image","twitter_misc":{"Est. reading time":"1 minute"},"schema":{"@context":"https:\/\/schema.org","@graph":[{"@type":"WebPage","@id":"https:\/\/pekara-awa.com\/index.php\/kontakt\/","url":"https:\/\/pekara-awa.com\/index.php\/kontakt\/","name":"Kontakt - Pekara Awa","isPartOf":{"@id":"https:\/\/pekara-awa.com\/#website"},"primaryImageOfPage":{"@id":"https:\/\/pekara-awa.com\/index.php\/kontakt\/#primaryimage"},"image":{"@id":"https:\/\/pekara-awa.com\/index.php\/kontakt\/#primaryimage"},"thumbnailUrl":"https:\/\/pekara-awa.com\/wp-content\/uploads\/2024\/05\/Izrezak-removebg-preview-1.png","datePublished":"2024-05-29T17:06:02+00:00","dateModified":"2024-05-30T11:58:27+00:00","breadcrumb":{"@id":"https:\/\/pekara-awa.com\/index.php\/kontakt\/#breadcrumb"},"inLanguage":"en-US","potentialAction":[{"@type":"ReadAction","target":["https:\/\/pekara-awa.com\/index.php\/kontakt\/"]}]},{"@type":"ImageObject","inLanguage":"en-US","@id":"https:\/\/pekara-awa.com\/index.php\/kontakt\/#primaryimage","url":"https:\/\/pekara-awa.com\/wp-content\/uploads\/2024\/05\/Izrezak-removebg-preview-1.png","contentUrl":"https:\/\/pekara-awa.com\/wp-content\/uploads\/2024\/05\/Izrezak-removebg-preview-1.png","width":810,"height":67},{"@type":"BreadcrumbList","@id":"https:\/\/pekara-awa.com\/index.php\/kontakt\/#breadcrumb","itemListElement":[{"@type":"ListItem","position":1,"name":"Home","item":"https:\/\/pekara-awa.com\/"},{"@type":"ListItem","position":2,"name":"Kontakt"}]},{"@type":"WebSite","@id":"https:\/\/pekara-awa.com\/#website","url":"https:\/\/pekara-awa.com\/","name":"Pekara Awa","description":"Najbolje lepinje u gradu i okolici","publisher":{"@id":"https:\/\/pekara-awa.com\/#organization"},"potentialAction":[{"@type":"SearchAction","target":{"@type":"EntryPoint","urlTemplate":"https:\/\/pekara-awa.com\/?s={search_term_string}"},"query-input":"required name=search_term_string"}],"inLanguage":"en-US"},{"@type":"Organization","@id":"https:\/\/pekara-awa.com\/#organization","name":"Pekara Awa","url":"https:\/\/pekara-awa.com\/","logo":{"@type":"ImageObject","inLanguage":"en-US","@id":"https:\/\/pekara-awa.com\/#\/schema\/logo\/image\/","url":"https:\/\/pekara-awa.com\/wp-content\/uploads\/2024\/05\/Izrezak-removebg-preview.png","contentUrl":"https:\/\/pekara-awa.com\/wp-content\/uploads\/2024\/05\/Izrezak-removebg-preview.png","width":532,"height":469,"caption":"Pekara Awa"},"image":{"@id":"https:\/\/pekara-awa.com\/#\/schema\/logo\/image\/"}}]}},"_links":{"self":[{"href":"https:\/\/pekara-awa.com\/index.php\/wp-json\/wp\/v2\/pages\/15","targetHints":{"allow":["GET"]}}],"collection":[{"href":"https:\/\/pekara-awa.com\/index.php\/wp-json\/wp\/v2\/pages"}],"about":[{"href":"https:\/\/pekara-awa.com\/index.php\/wp-json\/wp\/v2\/types\/page"}],"author":[{"embeddable":true,"href":"https:\/\/pekara-awa.com\/index.php\/wp-json\/wp\/v2\/users\/1"}],"replies":[{"embeddable":true,"href":"https:\/\/pekara-awa.com\/index.php\/wp-json\/wp\/v2\/comments?post=15"}],"version-history":[{"count":21,"href":"https:\/\/pekara-awa.com\/index.php\/wp-json\/wp\/v2\/pages\/15\/revisions"}],"predecessor-version":[{"id":231,"href":"https:\/\/pekara-awa.com\/index.php\/wp-json\/wp\/v2\/pages\/15\/revisions\/231"}],"wp:attachment":[{"href":"https:\/\/pekara-awa.com\/index.php\/wp-json\/wp\/v2\/media?parent=15"}],"curies":[{"name":"wp","href":"https:\/\/api.w.org\/{rel}","templated":true}]}}